aa (base 12) in base 11?
13a48a
-21212300 (base 4) to base 11
-27618
-1feca1 (base 16) to base 2
-111111110110010100001
What is -1bab (base 15) in base 7?
-23345
-138a7b (base 14) to base 3
-1021101210112
Convert -1aaa0a (base 12) to base 10.
-474922
Convert -3122201333 (base 4) to base 6.
-31103555
6225656 (base 9) to base 16
32b890
Convert -6357127 (base 10) to base 14.
-bb6a47
Convert 3322615 (base 7) to base 2.
1100011111001001010
What is 118007 (base 13) in base 11?
265699
What is 5216466 (base 7) in base 13?
18c261
Convert 101010110000111000100 (base 2) to base 7.
14624243
What is 2273634 (base 12) in base 6?
353524104
Convert 102002210202022 (base 3) to base 7.
101105204
101000110001101000110100 (base 2) to base 10
10689076
2102 (base 8) to base 16
442
Convert 10111001110101000110 (base 2) to base 3.
1102200010001
Convert -111010000121211 (base 3) to base 8.
-32451654
Convert 454051 (base 8) to base 15.
307cb
What is -10221200 (base 5) in base 10?
-85800
Convert 5064263 (base 7) to base 13.
181cc4
5820 (base 13) to base 14
4711
Convert 5086313 (base 9) to base 5.
1143324242
28934 (base 14) to base 12
4a26a
What is 8024564 (base 9) in base 7?
51164143
What is 456623 (base 9) in base 13?
9787b
Convert 1959 (base 12) to base 13.
153c
Convert 12676827 (base 9) to base 8.
27661157
What is 242140 (base 7) in base 6?
535341
What is 1457153 (base 8) in base 3?
210012112210
Convert -122311110 (base 4) to base 10.
-109908
What is 806370 (base 9) in base 4?
1310132100
754830 (base 11) to base 2
100100110101001100111
Convert 3cc921 (base 13) to base 14.
2a9015
What is 153a624 (base 11) in base 13?
713370
What is -43332024 (base 7) in base 9?
-6866823
What is -28aa4 (base 15) in base 8?
-377136
Convert -4dc505 (base 14) to base 3.
-12001101121021
Convert 144739 (base 11) to base 9.
373700
What is 5a20a3 (base 11) in base 14?
1abb84
What is 9b4ad1 (base 14) in base 15?
6e345b
20120022 (base 5) to base 12
78b65
Convert 1424450 (base 6) to base 10.
81390
What is 105525452 (base 6) in base 5?
1000034444
Convert -36031013 (base 7) to base 12.
-109677b
Convert 1012032031 (base 4) to base 9.
477487
What is -534345 (base 8) in base 9?
-301647
Convert -4244481 (base 9) to base 4.
-20223002023
Convert -584915 (base 14) to base 8.
-13365267
-424505352 (base 6) to base 5
-3410130220
Convert -2023232322 (base 4) to base 14.
-10c81c
What is -362446 (base 8) in base 6?
-2354554
1997c (base 13) to base 2
1100001100100110
What is 2530425 (base 6) in base 8?
412061
44311434 (base 5) to base 2
1011110000011011100
What is -3228556 (base 9) in base 10?
-1731831
What is -140051 (base 9) in base 15?
-1a444
What is -3633c3 (base 15) in base 3?
-11212201201210
What is -503372 (base 11) in base 7?
-6611420
What is -3345212 (base 10) in base 15?
-461292
Convert 223140 (base 15) to base 12.
667636
41045 (base 7) to base 16
26fc
What is -223242142 (base 6) in base 14?
-782dc2
778193 (base 12) to base 5
441313210
Convert -26236e (base 16) to base 10.
-2499438
Convert -1011111111111001000 (base 2) to base 5.
-100040120
Convert 1567d (base 15) to base 8.
206550
-11023323 (base 4) to base 5
-1134433
-18b48dc (base 15) to base 16
-1133cf7
What is -141243112 (base 5) in base 8?
-2615543
76143 (base 8) to base 6
403231
Convert 1341230003 (base 5) to base 12.
11ab059
What is -1101100100000101101 (base 2) in base 8?
-1544055
-31101220101 (base 4) to base 12
-11b9b29
Convert -11352434 (base 8) to base 2.
-1001011101010100011100
-13337 (base 11) to base 2
-100101001011101
-522128 (base 13) to base 9
-3543225
Convert 2101220111021 (base 3) to base 11.
7a2944
Convert 2200552 (base 6) to base 12.
53158
What is 1002201101100 (base 3) in base 2?
10001110110011101001
-54681 (base 12) to base 15
-230bd
-1583a (base 14) to base 16
-d1fc
-10a167c (base 14) to base 5
-4011331401
Convert 11169f (base 16) to base 2.
100010001011010011111
323244004 (base 5) to base 11
866013
Convert -2d91e (base 16) to base 11.
-118266
Convert 200330333 (base 6) to base 9.
6331453
What is 10300203332 (base 4) in base 3?
2100101020012
What is -20668800 (base 9) in base 12?
-34074a6
Convert 41041403 (base 5) to base 6.
11031421
Convert 2dc72 (base 16) to base 11.
118970
133031111101 (base 4) to base 2
11111001101010101010001
Convert -5074a (base 12) to base 3.
-12022200111
-21041240 (base 5) to base 3
-22212110120
-40cd51 (base 16) to base 8
-20146521
-b0537 (base 16) to base 10
-722231
Convert 1000100110010010010 (base 2) to base 13.
9b31a
5388996 (base 10) to base 12
197a770
Convert 101204040 (base 5) to base 3.
202222120001
-3880 (base 13) to base 3
-102001001
Convert 1a3c74 (base 13) to base 2.
10100010100000010001
-10100001101101100 (base 2) to base 12
-3bab8
Convert 20678 (base 13) to base 5.
3330420
Convert 1000011100101100110011 (base 2) to base 6.
115245135
-10221010001211 (base 3) to base 16
-1fdeba
Convert -10102020120202 (base 3) to base 11.
-1030128
-100100111111001111110 (base 2) to base 8
-4477176
-6b1951 (base 14) to base 11
-2076419
Convert 1e4b8a (base 15) to base 6.
51451234
What is -6158 (base 14) in base 2?
-100000101100010
Convert -3010022130 (base 4) to base 2.
-11000100001010011100
What is -526066 (base 7) in base 13?
-32518
What is -8616d2 (base 14) in base 4?
-101103231220
Convert -10012200000000 (base 3) to base 12.
-6a3230
What is 2542586 (base 9) in base 7?
14532504
What is 1100002020212 (base 3) in base 15?
e068b
2205712 (base 8) to base 6
20412350
What is -1202011 (base 5) in base 12?
-10983
Convert -1011100010100100000 (base 2) to base 3.
-201012201100
Convert 1000000111000011101 (base 2) to base 3.
111111112212
22410502 (base 8) to base 10
4854082
Convert -c57900 (base 13) to base 2.
-10001100110110000110101
1111111001001000110 (base 2) to base 11
3262a1
Convert -10101032232 (base 4) to base 10.
-1119150
What is 40733 (base 9) in base 5?
1324331
What is -553883 (base 9) in base 10?
-330960
What is -1229b1 (base 15) in base 12?
-35b27a
What is -3035324 (base 9) in base 2?
-110001010111111111100
What is -2c797 (base 14) in base 12?
-54481
-5b2b3 (base 16) to base 15
-759a2
What is -101110111111111111 (base 2) in base 10?
-192511
Convert -101001000001101 (base 2) to base 7.
-115145
101110000010000010001111 (base 2) to base 15
10d55de
What is -33577207 (base 8) in base 4?
-123233322013
-36122604 (base 7) to base 4
-30031002030
What is 230540414 (base 6) in base 3?
21222120122201
What is -2434955 (base 10) in base 7?
-26460665
Convert -4040655 (base 10) to base 4.
-33122133033
Convert -120211111222022 (base 3) to base 4.
-200012121230
Convert -4a824 (base 14) to base 12.
-89894
Convert 30934 (base 12) to base 15.
13c64
What is 1110212020 (base 3) in base 16?
7182
What is 3acb79 (base 14) in base 12?
82049b
Convert -8466758 (base 9) to base 6.
-241045512
Convert -6710677 (base 8) to base 5.
-430304113
4377756 (base 8) to base 2
100011111111111101110
Convert 4669b3 (base 13) to base 12.
6872a3
What is 61410 (base 14) in base 16?
39236
-8462676 (base 10) to base 2
-100000010010000101010100
Convert -11035 (base 16) to base 6.
-1254341
Convert 104093 (base 12) to base 2.
111110011101101111
Convert -65511235 (base 7) to base 11.
-3196764
Convert 2e5ac7 (base 15) to base 4.
20210202130
610504 (base 8) to base 12
98404
What is -5ecc1f (base 16) in base 10?
-6212639
What is -1254381 (base 9) in base 10?
-685576
-21303200 (base 4) to base 5
-2241120
-21041222 (base 5) to base 4
-222213202
What is -7dbe8 (base 15) in base 6?
-12332115
Convert -88b415 (base 12) to base 11.
-1256a74
-5d3d9 (base 16) to base 15
-7825d
What is 4911 (base 12) in base 6?
102021
What is -42253153 (base 6) in base 14?
-24251b
5043633 (base 7) to base 13
17c970
26b74 (base 16) to base 14
41b12
Convert -104777 (base 11) to base 16.
-28d8a
1010221101112 (base 3) to base 5
123441444
What is 344420212 (base 5) in base 9?
2837761
1001010110000100001 (base 2) to base 3
120120001002
Convert -57500 (base 13) to base 15.
-321be
What is 1100341 (base 8) in base 5?
33421022
Convert 222902 (base 11) to base 8.
1265501
44503125 (base 6) to base 7
14304023
Convert 1111220211 (base 5) to base 3.
11121012222122
Convert 6a9181 (base 15) to base 3.
100120202120211
Convert -30429b (base 13) to base 14.
-21343b
Convert 4882521 (base 10) to bas